 a prime number?
True
Is 2030563 a prime number?
True
Is 17747 prime?
True
Is 24809 prime?
True
Is 71681 a composite number?
True
Is 96249 composite?
True
Is 105863 a prime number?
True
Is 37651 prime?
False
Is 17531 prime?
False
Is 468362 a prime number?
False
Is 10943 composite?
True
Is 191 a composite number?
False
Is 86809 prime?
False
Is 10033 a prime number?
False
Is 66359 a composite number?
False
Is 585839 composite?
False
Is 42503 a prime number?
False
Is 4109 prime?
False
Is 3491 a composite number?
False
Is 238709 composite?
False
Is 5773 prime?
False
Is 73351 a composite number?
False
Is 12055 prime?
False
Is 30167 prime?
False
Is 23113 a prime number?
False
Is 53539 a prime number?
False
Is 407731 a composite number?
True
Is 6823 composite?
False
Is 84787 prime?
True
Is 3943 a composite number?
False
Is 208529 prime?
True
Is 262897 composite?
False
Is 279977 composite?
False
Is 41461 a composite number?
True
Is 303239 a composite number?
True
Is 10007 prime?
True
Is 63197 a prime number?
True
Is 2149 composite?
True
Is 97 a composite number?
False
Is 53121 a composite number?
True
Is 12739 prime?
True
Is 149297 prime?
True
Is 3707 composite?
True
Is 55753 a prime number?
False
Is 473339 composite?
True
Is 36871 a composite number?
False
Is 67033 prime?
True
Is 203549 composite?
False
Is 18451 a prime number?
True
Is 877531 composite?
False
Is 25841 a composite number?
False
Is 405553 a prime number?
True
Is 158071 a composite number?
False
Is 26899 prime?
False
Is 82457 composite?
False
Is 2521 a composite number?
False
Is 40301 a prime number?
False
Is 1503098 composite?
True
Is 141101 composite?
False
Is 1637 a composite number?
False
Is 414049 a composite number?
False
Is 1796833 composite?
False
Is 5899 a prime number?
False
Is 1334103 a prime number?
False
Is 139537 a composite number?
False
Is 913 a composite number?
True
Is 334619 a composite number?
False
Is 369349 a prime number?
False
Is 165239 prime?
False
Is 781589 prime?
True
Is 3611 prime?
False
Is 26489 a composite number?
False
Is 7403 a composite number?
True
Is 2623 a composite number?
True
Is 3606987 a composite number?
True
Is 83891 a prime number?
True
Is 67453 a composite number?
False
Is 123077 prime?
True
Is 7621 a prime number?
True
Is 43283 a prime number?
True
Is 13367 a prime number?
True
Is 166013 prime?
True
Is 1053061 composite?
False
Is 1517767 composite?
True
Is 72739 composite?
False
Is 328511 a composite number?
False
Is 4349 a prime number?
True
Is 81323 composite?
True
Is 124427 a prime number?
True
Is 1843 a composite number?
True
Is 4373 a composite number?
False
Is 10597 a composite number?
False
Is 685297 a composite number?
False
Is 1164863 a prime number?
False
Is 1319 composite?
False
Is 129323 composite?
True
Is 103699 composite?
False
Is 452227 prime?
True
Is 20422 a prime number?
False
Is 16817 a composite number?
True
Is 2179 a prime number?
True
Is 6609 a prime number?
False
Is 11659 prime?
False
Is 6079 a prime number?
True
Is 759001 prime?
True
Is 3133237 a prime number?
True
Is 743 prime?
True
Is 351485 composite?
True
Is 124213 a composite number?
False
Is 79909 prime?
False
Is 6711 composite?
True
Is 365111 composite?
True
Is 157931 prime?
True
Is 190507 prime?
True
Is 44177 a composite number?
True
Is 119078 prime?
False
Is 36587 a prime number?
True
Is 9727 composite?
True
Is 120299 a composite number?
False
Is 68597 a composite number?
False
Is 1078277 prime?
False
Is 46573 a prime number?
True
Is 14939 prime?
True
Is 33223 composite?
False
Is 2317 a composite number?
True
Is 16729 a composite number?
False
Is 783119 a composite number?
False
Is 4897 a composite number?
True
Is 311143 prime?
False
Is 807997 a composite number?
False
Is 29501 composite?
False
Is 151091 composite?
False
Is 306301 a composite number?
False
Is 6911 a composite number?
False
Is 69289 a composite number?
True
Is 64063 a prime number?
True
Is 1511 composite?
False
Is 733 a prime number?
True
Is 62641 a prime number?
False
Is 33997 prime?
True
Is 6467 composite?
True
Is 228729 composite?
True
Is 145913 composite?
True
Is 2472607 prime?
True
Is 12421 a composite number?
False
Is 11953 a prime number?
True
Is 30542 composite?
True
Is 668267 prime?
False
Is 1962655 composite?
True
Is 1260113 a prime number?
True
Is 4117 prime?
False
Is 294347 prime?
True
Is 67 composite?
False
Is 123341 a composite number?
False
Is 4987 prime?
True
Is 8923 a prime number?
True
Is 77417 composite?
False
Is 13973 a composite number?
True
Is 35201 composite?
False
Is 387229 prime?
False
Is 7274 prime?
False
Is 4829 a prime number?
False
Is 101627 prime?
True
Is 54251 prime?
True
Is 25793 prime?
True
Is 200533 a composite number?
True
Is 151115 a prime number?
False
Is 63997 prime?
True
Is 2321 a prime number?
False
Is 127339 a prime number?
False
Is 121747 a composite number?
True
Is 3927293 a prime number?
True
Is 31439 a prime number?
False
Is 2832283 prime?
True
Is 24793 composite?
False
Is 16295 a prime number?
False
Is 44257 prime?
True
Is 22937 prime?
True
Is 44167 a composite number?
True
Is 41647 a prime number?
True
Is 17401 composite?
False
Is 15959 composite?
False
Is 691489 prime?
True
Is 30533 a composite number?
True
Is 20681 a prime number?
True
Is 335 a composite number?
True
Is 691 composite?
False
Is 9649 composite?
False
Is 698441 prime?
False
Is 34691 composite?
True
Is 1781807 composite?
True
Is 85691 composite?
False
Is 13701289 a prime number?
False
Is 17863 a composite number?
False
Is 3491 a composite number?
False
Is 10007 composite?
False
Is 12451 a composite number?
False
Is 689438 composite?
True
Is 32603 prime?
True
Is 655733 prime?
False
Is 247141 prime?
True
Is 866 a prime number?
False
Is 72391 a prime number?
False
Is 8879 a prime number?
False
Is 479561 composite?
False
Is 44351 a composite number?
False
Is 150409 prime?
False
Is 15503 a composite number?
True
Is 837887 a composite number?
False
Is 5000503 a prime number?
True
Is 7369 composite?
False
Is 137398 a composite number?
True
Is 127031 a prime number?
True
Is 7433 prime?
True
Is 791173 a prime number?
False
Is 8063 a composite number?
True
Is 45683 a composite number?
True
Is 69742 a prime number?
False
Is 919 prime?
True
Is 1003657 a prime number?
False
Is 84049 composite?
True
Is 295541 a prime number?
True
Is 3462707 prime?
True
Is 6049 a prime number?
False
Is 204683 prime?
False
Is 156535 prime?
False
Is 135229 a prime number?
False
Is 9895 composite?
True
Is 1961129 prime?
True
Is 311897 a prime number?
True
Is 28811 a prime number?
False
Is 156181 composite?
True
Is 406799 composite?
True
Is 216583 composite?
True
Is 737657 a prime number?
True
Is 78314 a prime number?
False
Is 12269 a prime number?
True
Is 39085 a prime number?
False
Is 126067 a prime number?
True
Is 4561 a composite number?
False
Is 235951 a prime number?
True
Is 28421 composite?
True
Is 309403 a composite number?
False
Is 6718 a composite number?
True
Is 28018 a prime number?
False
Is 72682 composite?
True
Is 10289 a composite number?
False
Is 396479 a prime number?
True
Is 320167 composite?
True
Is 25057 a composite number?
False
Is 15511 a prime number?
True
Is 4531 a composite number?
True
Is 58759 a prime number?
False
Is 5357 composite?
True
Is 60189 a prime number?
False
Is 1253695 a composite number?
True
Is 160903 prime?
True
Is 48337 prime?
True
Is 121993 a prime number?
True
Is 22757 prime?
False
Is 17249 a prime number?
False
Is 4709 a composite number?
True
Is 172241 prime?
False
Is 97499 composite?
False
Is 204641 prime?
True
Is 1131617 composite?
False
Is 771607 prime?
True
Is 4391 prime?
True
Is 21439 prime?
False
Is 150141 a prime number?
False
Is 1696313 a composite number?
False
Is 862583 a prime number?
True
Is 317321 prime?
True
Is 14369 a prime number?
True
Is 7817 a composite number?
False
Is 9619 a prime number?
True
Is 1041 a prime number?
False
Is 1071037 prime?
False
Is 20749 composite?
False
Is 21341 prime?
True
Is 8707 composite?
False
Is 35795 prime?
False
Is 714137 composite?
True
Is 65915 prime?
False
Is 19457 composite?
False
Is 12763 prime?
True
Is 82067 a composite number?
False
Is 143107 composite?
False
Is 72577 a composite number?
False
Is 1669 a composite num